f b?
7
What is the units digit of 4/22 + (-58701)/(-33) + 2?
1
Suppose 0 = 5*k - y - 13, -4*k + 5*y = 2*y - 17. Let u(i) = 0*i + 5*i + 4 + 0 + 3*i**2 - i**3 - i**k. What is the units digit of u(-3)?
4
Let v(w) = -w**2 - 12*w + 4. Let p be v(-8). Suppose 2*s = -8, p = 4*d - 0*s + 4*s. What is the tens digit of d?
1
Let d(y) = y**3 + 23*y**2 + 3*y - 50. What is the hundreds digit of d(-22)?
3
Let n = -10 - -13. Suppose 3*l = -3*f - 54, -5*f + n*l - 90 = 6*l. What is the tens digit of 2*39/f*-9?
3
What is the units digit of (11 - (-392)/(-32))/((-1)/1844)?
5
Suppose 0 = 4*v - 4*q - 7660, 1001 - 10596 = -5*v + q. What is the thousands digit of v?
1
Suppose -63*q - 58162 = -76*q. What is the tens digit of q?
7
Suppose 3*z = -i + 56, 2*z - 248 = -4*i - 2*z. Let a = i - -66. What is the tens digit of a?
3
Let g(x) = -12*x**3 - 10*x**2 - 22*x - 6. What is the tens digit of g(-4)?
9
Let q = 148 - 9. Suppose 3*m - 35 = q. What is the tens digit of m?
5
Let r be (-1)/6 - (-1)/6 - -4. Suppose 1200 = 6*c + r*c. What is the tens digit of c?
2
Let x(w) = -153*w + 1. What is the tens digit of x(-2)?
0
Let s(d) = d**2 + 12*d + 6 - 13*d + 16. Suppose 20 = 3*h - 5*z, -5*z + 3 = -4*h + 23. What is the tens digit of s(h)?
2
Let m = 101 + -173. Let f = m - -119. What is the units digit of f?
7
Suppose 0*d = -4*l + 4*d + 924, -5*d = -3*l + 691. Suppose 2*w - q - 134 = -10, 4*w + 2*q = l. What is the tens digit of w?
6
Let p(m) = 306*m + 4. Let l be p(4). Suppose -110*f + 106*f + l = 0. What is the tens digit of f?
0
Let y(r) = r**2 - 5*r - 13. Let q be y(8). Let x = 65 + q. What is the tens digit of x?
7
What is the tens digit of (-1)/((-9)/(-18)) - -3*927?
7
Let j = -240 + 784. What is the hundreds digit of j?
5
Suppose r = -0*r + 1. Let k = -8 - -11. What is the units digit of 6 - r - (k - 3)?
5
Let b(a) be the second derivative of -13*a**6/30 - a**4/24 - 4*a**2 - 3*a. Let i(o) be the first derivative of b(o). What is the units digit of i(-1)?
3
Let j = -1235 + 1840. What is the tens digit of j?
0
Let o = 20 + -14. Let b be ((-2)/10)/(18/(-3690)). Suppose -b + o = -5*r. What is the units digit of r?
7
Suppose 0 = 2*w + 2*j + 698, 3*j - 702 = 2*w + 4*j. Let z = -121 - w. What is the tens digit of z?
3
Suppose 0 = b - 1 + 2. Let p(h) = 65*h**2 + 2*h + 2. What is the units digit of p(b)?
5
Suppose 6*i - 1801 = 4*i - o, -2*i - 2*o + 1800 = 0. What is the units digit of i?
1
Let t(o) be the second derivative of 3*o + 1/20*o**5 - o**2 - 2*o**3 - 1/6*o**4 + 0. What is the tens digit of t(6)?
7
What is the tens digit of (105/25 - -6)*10?
0
Let k(u) = 22*u**2 + 6*u - 10. What is the hundreds digit of k(3)?
2
Suppose -a - h + 2668 = 0, 28*a - 30*a + h + 5351 = 0. What is the hundreds digit of a?
6
Suppose 0 = -4*o + 3*g - 106, 4*o = g - 5*g - 120. Let x = 7 + o. Let b = 38 + x. What is the units digit of b?
7
Let b be (-2)/15*-5*3. Suppose 0 = c - 2 - b. What is the units digit of 12 + 0*c/16?
2
Let z = 17 + 2641. What is the units digit of z?
8
What is the hundreds digit of (0 - -60)*(-395)/(-20)?
1
Suppose 0 = 2*t, 0*t + 5*t = h - 2. Suppose c - h = 106. What is the hundreds digit of c?
1
Let u = 201 + -348. Let h = -98 - u. What is the units digit of h?
9
Let n be (1 + (-10)/4)*-8. Let f be (-11)/((-165)/468) - (-3)/(-15). Suppose -n = 29*p - f*p. What is the units digit of p?
6
Let y(h) = 5*h + 17. Let x be y(-3). What is the units digit of (x - -1)*62/6?
1
Suppose 0*x = 3*x - 84. Let d = 41 - x. What is the units digit of d?
3
Let r(v) = 19*v + 790. What is the units digit of r(0)?
0
Suppose 4*x = 3*x + 2. Suppose 3*j = f - 140, 5*f + 0*f - x*j - 661 = 0. What is the units digit of f?
1
Let l be ((-4)/(-18))/(2/6)*-6. What is the units digit of (1/(-2))/(l/40)?
5
Suppose -5*v + 12342 = 4*p, -v + 5*p + 2481 = 10*p. What is the tens digit of v?
6
Let s(u) = 3*u**3 + 3*u**2 - u - 4. What is the hundreds digit of s(5)?
4
Suppose g - 7 = 5*h - h, h = -4*g + 11. Let u be ((-204)/48)/((-2)/24). Suppose 2*v - 4*n - u = 13, 71 = 2*v + g*n. What is the tens digit of v?
3
Suppose -11*z + 4572 + 345 = 0. What is the units digit of z?
7
Suppose 561 = -4*h + 1473. What is the hundreds digit of h?
2
Let w(y) = 146*y**2 + y**3 + 6 - y - 428*y**2 + 143*y**2 + 142*y**2. Suppose -g = 2 + 1. What is the units digit of w(g)?
9
Suppose -11*t + 12 = -8*t. Let b = 133 - t. What is the hundreds digit of b?
1
Suppose 3*y - 5*y + 2232 = 0. What is the thousands digit of y?
1
Suppose p = -p + 914. What is the units digit of p?
7
Let i = -143 + 246. Suppose -2*l + 3*k + 36 = 0, 4*l - k - i + 11 = 0. Let q = 6 + l. What is the units digit of q?
0
Suppose 196 = 227*w - 225*w. What is the units digit of w?
8
Let c = 1146 - 571. Suppose 3*i - 340 = -2*t, -8*i + c = -3*i + 5*t. What is the tens digit of i?
1
Suppose -3*n + 5*n + c - 510 = 0, -3*n + 760 = 4*c. Suppose 2*y - 5*d - 118 = 41, 0 = -3*y + 4*d + n. What is the tens digit of y?
9
Suppose 57*p = 75*p - 34164. What is the units digit of p?
8
Suppose 350 = -12*b + 5*b. Let t = 38 - b. What is the tens digit of t?
8
What is the thousands digit of (-398 - 2)*(-135)/54?
1
Let p be 2 - 3/(-6)*10. Suppose -p = -z + 5. What is the units digit of -2 - (-1 - z) - -4?
5
Let x be -2 + 0 + (-1 - -6). Suppose -4*d = -x*f - 92, 2*d - 2*f = -2*d + 96. What is the tens digit of 888/d + (-6)/39?
3
Let f(w) = 546*w**2 - 8*w + 22. What is the thousands digit of f(2)?
2
Suppose 5*l + 0*r - 4*r - 6486 = 0, 1306 = l - 3*r. What is the thousands digit of l?
1
Suppose 0 = 3*h - 5 - 7. Suppose -h*k + 10 = -5*l + 53, 20 = 4*l + 4*k. What is the units digit of l?
7
Suppose 0 = 374*h - 360*h - 3094. What is the units digit of h?
1
Suppose 52*i = 42*i + 5270. What is the tens digit of i?
2
Suppose -4*b + 6 = -d - 2*b, 4*d - 20 = -3*b. Suppose -91 = -d*p + 139. What is the hundreds digit of p?
1
Let b be 4/(-12)*1 + (-28)/(-12). Suppose -b*r = -2*u - 0*r + 296, 3*u + 5*r - 468 = 0. What is the units digit of u?
1
What is the units digit of 28/(-42) + (-5146)/(-6)?
7
Suppose 82 = -17*t + 31090. What is the tens digit of t?
2
Let b(f) = -f**2 + 6*f + 5. Let c be b(6). Let h(g) = -5*g + g - 10 - c*g - 4*g. What is the tens digit of h(-4)?
4
Let b(r) = -r + 10. Let k be b(9). What is the units digit of (-313)/(-6) - k/6?
2
Let r(d) = 0*d + 4*d + d + 3*d - 8. Let j be r(10). Suppose j = 2*p + 2*p. What is the units digit of p?
8
Let y(s) = s**2 - 5*s. Let o be y(6). Let q be (o/4)/(4/808). Suppose 5*p - 2*u - q = 0, -4*p - u = 2*u - 247. What is the units digit of p?
1
Suppose 3*k + 252 = 3*f - 6*f, 402 = -5*k + 4*f. Let x = k - -165. Suppose -3*i + 5*i - 37 = -5*z, z - x = -4*i. What is the tens digit of i?
2
Suppose -40*j + 1560 = -14*j. What is the units digit of j?
0
Let c = -8 - -11. Suppose 0*w - 6 = -c*w. Suppose w*n - 28 = -4. What is the tens digit of n?
1
Suppose 0 = -3*v - 92 - 10. Let p = -13 - v. Suppose 2*q - p - 3 = 0. What is the tens digit of q?
1
Let u be ((-55)/(-20) - 2)*6*-46. Let c = -119 - u. What is the tens digit of c?
8
Let u(f) = f**3 + 6*f**2 + f + 6. Let g(k) = -k**2 + 8*k - 15. Let x be g(6). What is the tens digit of u(x)?
3
Suppose q - 2*s + 1 = -s, 2*q + 5*s = 26. Suppose -q*r - 216 = -7*r. What is the units digit of r?
4
Let g = 29 - 38. What is the units digit of (g + 6)/((-3)/22)?
2
Let p(s) be the first derivative of 7*s**2/2 - 15*s - 36. Let y = -5 + 10. What is the units digit of p(y)?
0
Let m(s) = 5*s - 8*s**2 + 6*s + 7*s**2 + 11. What is the tens digit of m(6)?
4
Suppose 3*t = -3*o + 297, 0 = -4*t + 3*t + 3*o + 99. Let a = t - 27. What is the units digit of a?
2
Suppose 0 = b - 3, -15*b + 14*b + 5213 = 5*q. What is the hundreds digit of q?
0
Let l(u) = -18*u - 23. Let q be l(-13). Let i = 348 - q. What is the tens digit of i?
3
Suppose 5*f - 3715 = -4*m, -8*f = -5*f + m - 2236. What is the tens digit of f?
4
Let q(y) = -y**2 + 8*y - 12. Let m be q(5). Suppose m*p - 36 = -3*p. Suppose p*h - 2*h - 28 = 0. What is the units digit of h?
7
Let j(s) = 19*s**3 + 16*s**2 - 21*s - 22. What is the units digit of j(6)?
2
Let p = 19 - 0. Suppose 2*v = 3*v + p. What is the units digit of (6 - v) + 3 + 1?
9
Let h(v) = v**3 - v**2 - 3*v - 8. Let g be h(4). Let z = g + -25. Suppose w + b = z*w - 10, -3*b + 14 = 5*w. What is the units digit of w?
4
Su